s 50 a factor of 53317701?
False
Is 1266568048 a multiple of 92?
True
Is 760843376 a multiple of 3139?
True
Is 5 a factor of 16298955?
True
Does 47 divide 3188057?
True
Is 1053444205 a multiple of 2035?
True
Does 5 divide 185046195?
True
Is 47 a factor of 1224984641?
True
Is 169808944 a multiple of 37?
False
Is 126419231 a multiple of 68?
False
Is 1140 a factor of 18032044?
False
Does 133 divide 2497566157?
False
Is 8 a factor of 616825064?
True
Is 7 a factor of 18077609?
False
Is 237473968 a multiple of 6?
False
Is 17192593 a multiple of 17?
True
Does 395 divide 68996179?
False
Does 739 divide 327469375?
True
Is 69 a factor of 331284870?
True
Is 30 a factor of 5484368542?
False
Is 112 a factor of 15611113?
False
Is 2624889134 a multiple of 4858?
True
Is 17 a factor of 515059914?
True
Is 23428143 a multiple of 1293?
False
Is 41652859 a multiple of 53?
True
Does 2135 divide 1239450900?
False
Does 566 divide 74575170?
False
Is 52548672 a multiple of 46?
False
Does 117 divide 372970845?
True
Is 454 a factor of 1732657797?
False
Is 53922969 a multiple of 9?
True
Is 33 a factor of 461925445?
False
Is 4 a factor of 48433271?
False
Is 4030422 a multiple of 11?
True
Is 279986318 a multiple of 751?
True
Does 188 divide 2316727377?
False
Is 4232611500 a multiple of 260?
True
Is 91 a factor of 92415687?
True
Does 67 divide 5263764818?
True
Is 175517624 a multiple of 167?
False
Is 19 a factor of 96575309?
True
Does 2298 divide 24912428?
False
Does 757 divide 4258882?
True
Is 228547044 a multiple of 6?
True
Is 15 a factor of 133003421?
False
Is 20 a factor of 396136020?
True
Does 21 divide 3233303?
False
Is 4252366770 a multiple of 30?
True
Is 606523701 a multiple of 21?
True
Does 15 divide 310613850?
True
Does 767 divide 146775421?
True
Does 62 divide 270013318?
False
Is 326 a factor of 37042258?
False
Is 288 a factor of 29138357?
False
Is 656585 a multiple of 5?
True
Is 232317450 a multiple of 54?
True
Is 21 a factor of 55171486?
False
Is 13 a factor of 4973631?
True
Is 49690872 a multiple of 44?
True
Is 16 a factor of 3241171184?
True
Is 1509 a factor of 79163649?
True
Is 195 a factor of 1042393748?
False
Does 1976 divide 421613192?
True
Is 7827521 a multiple of 2?
False
Is 1356483492 a multiple of 10602?
True
Is 34752816 a multiple of 161?
True
Does 2427 divide 259557942?
True
Is 644147820 a multiple of 18?
True
Does 1229 divide 67130438?
True
Is 144 a factor of 85060800?
True
Is 26 a factor of 681145114?
True
Does 274 divide 102951187?
False
Does 102 divide 23210814?
True
Is 2875 a factor of 38971925?
False
Does 206 divide 1150899131?
False
Is 1040 a factor of 18858281?
False
Does 15 divide 4855564800?
True
Does 93 divide 4558319269?
False
Does 111 divide 8157723?
True
Is 731470113 a multiple of 3971?
True
Does 740 divide 37350760?
True
Is 2891616 a multiple of 24?
True
Is 50 a factor of 219989750?
True
Is 30 a factor of 678894758?
False
Is 2398263117 a multiple of 1068?
False
Is 4 a factor of 466449979?
False
Is 58 a factor of 1468911770?
True
Is 45900531 a multiple of 3?
True
Is 2013 a factor of 286012812?
False
Is 269725165 a multiple of 13?
False
Is 964197172 a multiple of 458?
True
Is 999 a factor of 30146516?
False
Is 102331234 a multiple of 106?
True
Is 108 a factor of 126696070?
False
Is 15 a factor of 592624670?
False
Is 9 a factor of 270829327?
False
Is 212 a factor of 395399208?
False
Is 15367997 a multiple of 15?
False
Does 1734 divide 19416696?
False
Is 263 a factor of 15652182?
True
Is 349 a factor of 88017290?
False
Does 7 divide 87892501?
False
Does 53 divide 1293584905?
False
Does 86 divide 206721984?
True
Does 6 divide 654066894?
True
Is 196549946 a multiple of 38?
True
Is 48 a factor of 63639696?
True
Is 309036019 a multiple of 248?
False
Is 5 a factor of 27063350?
True
Is 700706646 a multiple of 2091?
True
Does 48 divide 1304571840?
True
Is 51326558 a multiple of 2237?
False
Is 202409922 a multiple of 221?
True
Is 24 a factor of 6112126416?
True
Does 73 divide 3293307911?
True
Is 6183698 a multiple of 134?
True
Is 121430264 a multiple of 453?
False
Is 3166942422 a multiple of 294?
True
Is 45338025 a multiple of 49?
False
Is 392 a factor of 1923940685?
False
Does 10 divide 241044942?
False
Is 3106 a factor of 188164586?
True
Is 488 a factor of 96396874?
False
Is 279 a factor of 28877086?
False
Does 769 divide 151172327?
True
Does 12 divide 103422710?
False
Is 39849880 a multiple of 56?
True
Is 1611847417 a multiple of 197?
False
Is 1198 a factor of 73511143?
False
Is 172499220 a multiple of 30?
True
Is 874 a factor of 15471593?
False
Is 43798464 a multiple of 476?
False
Is 15815815 a multiple of 73?
True
Does 118 divide 79419664?
True
Does 48 divide 17224254?
False
Is 786613685 a multiple of 65?
True
Is 9817 a factor of 2866940996?
False
Does 5758 divide 1303265090?
False
Is 25 a factor of 35956100?
True
Does 45 divide 34784691?
False
Is 6 a factor of 1606840734?
True
Is 39070630 a multiple of 857?
True
Is 20837661 a multiple of 61?
True
Is 401615424 a multiple of 336?
True
Does 79 divide 97671887?
True
Does 6 divide 67193867?
False
Is 15 a factor of 112013187?
False
Is 819 a factor of 277013670?
False
Does 2 divide 250174?
True
Is 112 a factor of 543188583?
False
Is 201840891 a multiple of 21?
True
Is 19 a factor of 33792451?
False
Does 14 divide 24523935?
False
Is 16 a factor of 2116824391?
False
Is 108 a factor of 35693136?
True
Does 196 divide 87276578?
False
Does 121 divide 309369719?
False
Is 339774870 a multiple of 233?
False
Is 65 a factor of 505088736?
False
Is 58 a factor of 33378072?
True
Is 30 a factor of 13710660?
True
Is 28850335 a multiple of 208?
False
Is 37327631 a multiple of 2?
False
Is 85075445 a multiple of 1183?
True
Does 21 divide 12705042?
True
Does 11 divide 468852728?
False
Is 189036055 a multiple of 1246?
False
Is 295180444 a multiple of 13?
True
Is 342 a factor of 1249027?
False
Does 16 divide 285737359?
False
Does 2545 divide 1158657060?
True
Is 387487636 a multiple of 647?
False
Does 12 divide 1269159517?
False
Is 2046136191 a multiple of 3360?
False
Does 65 divide 31287880?
True
Is 1117 a factor of 70483503?
False
Is 421996402 a multiple of 10?
False
Does 18 divide 9982468890?
True
Is 8382561 a multiple of 129?
False
Does 116 divide 1877571712?
False
Is 226789958 a multiple of 3084?
False
Is 3275281410 a multiple of 340?
False
Is 1119 a factor of 10901298?
True
Is 20 a factor of 62551164?
False
Does 9 divide 33790821?
False
Is 28 a factor of 10373552?
True
Is 132 a factor of 9103644?
True
Is 3096467331 a multiple of 296?
False
Does 1840 divide 74843009?
False
Is 108 a factor of 21539080?
False
Is 19 a factor of 2599293264?
False
Does 13 divide 2869448115?
False
Does 3 divide 36612286?
False
Is 152204136 a multiple of 41?
True
Is 95 a factor of 1037753020?
True
Does 771 divide 44408058?
True
Is 26320102 a multiple of 1654?
True
Is 9438096 a multiple of 4?
True
Is 356283092 a multiple of 38?
False
Is 3930 a factor of 375928080?
True
Is 153180004 a multiple of 4?
True
Does 1487 divide 742218224?
False
Does 183 divide 53157093?
False
Is 1105492603 a multiple of 53?
True
Is 17 a factor of 17437631?
True
Is 531059703 a multiple of 9319?
False
Does 20 divide 17138284?
False
Is 853 a factor of 57039182?
False
Does 424 divide 46766026?
False
Does 2877 divide 187856592?
True
Is 3089 a factor of 84815515?
False
Is 639930192 a multiple of 1446?
True
Is 1311045305 a multiple of 2218?
False
Does 555 divide 651166428?
False
Does 3080 divide 34514480?
True
Is 316368840 a multiple of 20?
True
Does 75 divide 117030798?
False
Is 61490011 a multiple of 7?
False
Is 13428155 a multiple of 2?
False
Is 38559634 a multiple of 194?
True
Is 804518715 a multiple of 273?
True
Does 774 divide 37741014?
True
Is 3790 a factor of 1662691863?
False
Is 1337978121 a multiple of 2199?
False
Is 96720800 a multiple of 290?
True
Is 15 a factor of 38927670?
True
Is 384449391 a multiple of 50?
False
Does 7 divide 703381?
True
Is 2409523375 a multiple of 125?
True
Is 54983 a multiple of 8?
False
Does 753 divide 1206861005?
False
Is 14 a factor of 512577046?
False
Does 2198 divide 151693996?
False
Is 1266172502 a multiple of 111?
False
Is 382762588 a multiple of 169?
False
Is 241243402 a multiple of 103?
False
Does 93 divide 90043992?
False